{"id":466,"date":"2024-11-25T14:12:26","date_gmt":"2024-11-25T13:12:26","guid":{"rendered":"https:\/\/esthercomin.com\/?page_id=466"},"modified":"2024-11-27T12:05:03","modified_gmt":"2024-11-27T11:05:03","slug":"sobre-mi","status":"publish","type":"page","link":"https:\/\/esthercomin.com\/index.php\/sobre-mi\/","title":{"rendered":"Sobre m\u00ed"},"content":{"rendered":"\n<blockquote class=\"wp-block-quote is-layout-flow wp-block-quote-is-layout-flow\">\n<blockquote class=\"wp-block-quote is-layout-flow wp-block-quote-is-layout-flow\">\n<p class=\"has-medium-font-size\"><em><strong>Las historias son caminos. Algunas te llevan al pasado, otras al futuro, y las mejores te conducen al centro de ti mismo<\/strong>.<\/em><\/p>\n\n\n\n<p><\/p>\n<\/blockquote>\n<\/blockquote>\n\n\n\n<p><\/p>\n\n\n\n<hr class=\"wp-block-separator has-alpha-channel-opacity\"\/>\n\n\n\n<p><\/p>\n\n\n\n<p><\/p>\n\n\n\n<p class=\"has-text-color has-link-color wp-elements-0a8e0f5bb464aad32446194b7b67528c\" style=\"color:#d4a373;font-size:33px\">Qui\u00e9n soy, qui\u00e9n fui<\/p>\n\n\n\n<p style=\"font-size:13px\">Siempre he sentido atracci\u00f3n por las preguntas sin respuestas claras, aquellas que nos llevan a mirar m\u00e1s all\u00e1 de lo evidente y explorar la conexi\u00f3n entre lo que somos y lo que podemos ser&#8230; Pero mi camino comenz\u00f3 lejos de all\u00ed, en el mundo de la hoteler\u00eda y el liderazgo ejecutivo, donde aprend\u00ed el arte de conectar con las personas y guiar equipos. <\/p>\n\n\n\n<p style=\"font-size:13px\">La gente es fascinante \u2014hasta la que no te cae muy all\u00e1\u2014 y seguramente tuve bastante suerte, porque a lo largo de varias d\u00e9cadas pude cultivar amistades que son tesoros del coraz\u00f3n. Adem\u00e1s, ni sabes cu\u00e1nto me re\u00ed&#8230; Trabaj\u00e9 sin fin, la verdad, creo que es una de las cualidades por las que me conocen: ni me rindo ni me detengo.<\/p>\n\n\n\n<p><\/p>\n\n\n\n<hr class=\"wp-block-separator has-alpha-channel-opacity\"\/>\n\n\n<div class=\"wp-block-image is-style-rounded\">\n<figure class=\"aligncenter size-large is-resized\"><img loading=\"lazy\" decoding=\"async\" width=\"1024\" height=\"457\" src=\"https:\/\/esthercomin.com\/wp-content\/uploads\/2023\/03\/Esther-trio-de-fotos-1024x457.png\" alt=\"\" class=\"wp-image-49\" style=\"width:425px;height:auto\" srcset=\"https:\/\/esthercomin.com\/wp-content\/uploads\/2023\/03\/Esther-trio-de-fotos-1024x457.png 1024w, https:\/\/esthercomin.com\/wp-content\/uploads\/2023\/03\/Esther-trio-de-fotos-600x268.png 600w, https:\/\/esthercomin.com\/wp-content\/uploads\/2023\/03\/Esther-trio-de-fotos-300x134.png 300w, https:\/\/esthercomin.com\/wp-content\/uploads\/2023\/03\/Esther-trio-de-fotos-768x343.png 768w, https:\/\/esthercomin.com\/wp-content\/uploads\/2023\/03\/Esther-trio-de-fotos-850x380.png 850w, https:\/\/esthercomin.com\/wp-content\/uploads\/2023\/03\/Esther-trio-de-fotos-1320x590.png 1320w, https:\/\/esthercomin.com\/wp-content\/uploads\/2023\/03\/Esther-trio-de-fotos.png 1473w\" sizes=\"auto, (max-width: 1024px) 100vw, 1024px\" \/><\/figure>\n<\/div>\n\n\n<div class=\"wp-block-columns is-layout-flex wp-container-core-columns-is-layout-9d6595d7 wp-block-columns-is-layout-flex\">\n<div class=\"wp-block-column is-vertically-aligned-center is-layout-flow wp-block-column-is-layout-flow\" style=\"flex-basis:33.33%\"><\/div>\n\n\n\n<div class=\"wp-block-column is-layout-flow wp-block-column-is-layout-flow\" style=\"flex-basis:66.66%\"><\/div>\n<\/div>\n\n\n\n<p><\/p>\n\n\n\n<hr class=\"wp-block-separator has-alpha-channel-opacity\"\/>\n\n\n\n<p class=\"has-text-color has-link-color wp-elements-96263e24f2602986a351c04442c534de\" style=\"color:#d4a373;font-size:33px\">Pasi\u00f3n por las letras<\/p>\n\n\n\n<p style=\"font-size:13px\">Treinta a\u00f1os siendo hotelera y docente, s\u00ed, pero las historias siempre estuvieron ah\u00ed, en los m\u00e1rgenes de mi vida, susurr\u00e1ndome, desde que era una enana. A medida que los a\u00f1os pasaban, escribir se convirti\u00f3 en mi forma de explorar esas preguntas profundas sobre la vida, la espiritualidad y nuestra capacidad de transformaci\u00f3n. Porque he visto mucho de eso: personas que cambian, que mutan, que se convierten en versiones de s\u00ed mismas que jam\u00e1s sospecharon conocer. <\/p>\n\n\n\n<p style=\"font-size:13px\">Me dedico a escribir libros porque hay un mill\u00f3n de historias que viven en mi cabeza y necesito desalojarlas para que no me vuelvan loca, pero supongo que tambi\u00e9n es porque son la palanca que remueve el aire viejo en mis zonas de confort y despiertan mi conciencia. Cada escena, cada cap\u00edtulo, se reproducen en mi mente con todo detalle. M\u00fasica, colores, aromas y sensaciones, \u00bfser\u00e1 por eso que las visualizo en la pantalla? <\/p>\n\n\n\n<p style=\"font-size:14px\"><\/p>\n\n\n\n<p><\/p>\n\n\n\n<div class=\"wp-block-buttons is-layout-flex wp-block-buttons-is-layout-flex\">\n<div class=\"wp-block-button is-style-fill\"><a class=\"wp-block-button__link has-background wp-element-button\" href=\"https:\/\/esthercomin.com\/index.php\/tienda\/\" style=\"background-color:#a8c1a2\">Conoce mis libros<\/a><\/div>\n<\/div>\n\n\n\n<hr class=\"wp-block-separator has-alpha-channel-opacity\"\/>\n\n\n\n<p><\/p>\n\n\n\n<p><\/p>\n\n\n\n<p class=\"has-text-color has-link-color wp-elements-ef985da359e9f4395151e532fb6f743a\" style=\"color:#d4a373;font-size:33px\">Conciencia y espiritualidad<\/p>\n\n\n\n<p style=\"font-size:13px\">Y al fin, de nuevo, las preguntas sin respuesta. Para muchos, ser\u00e1 una temeridad que hable de esto abiertamente, no me cabe duda, el pavor que producen estos temas me deja asombrada a diario. Sin embargo, yo soy la que soy. Y, a estas alturas de mi vida, me importa m\u00e1s ser feliz y estar en paz que la fugacidad del \u00e9xito o la satisfacci\u00f3n de los dem\u00e1s respecto a lo que hago con mi vida.<\/p>\n\n\n\n<p style=\"font-size:14px\">La curiosidad me llev\u00f3 a hacer indagaciones. Los resultados de las indagaciones, a estudiar. Los estudios a practicar con entusiasmo y a fluir. Y el fluir sosegado me llev\u00f3 a querer compartir. <\/p>\n\n\n\n<p style=\"font-size:14px\">Adem\u00e1s de mi pasi\u00f3n por la escritura, he obtenido mi maestr\u00eda en <strong>Reiki<\/strong> y en otras disciplinas de crecimiento espiritual, como los <strong>Registros Ak\u00e1shicos<\/strong>. No es una cuesti\u00f3n de creencias, sino de ser pr\u00e1ctico hasta las \u00faltimas consecuencias: lo que me ha ayudado a sentir m\u00e1s profundo y a ser m\u00e1s feliz es algo que me encantar\u00eda compartir.<\/p>\n\n\n\n<p><\/p>\n\n\n\n<p><\/p>\n\n\n\n<div class=\"wp-block-buttons is-content-justification-space-between is-layout-flex wp-container-core-buttons-is-layout-3d213aab wp-block-buttons-is-layout-flex\">\n<div class=\"wp-block-button is-style-fill\"><a class=\"wp-block-button__link has-background wp-element-button\" href=\"https:\/\/esthercomin.com\/index.php\/cursos-y-talleres\/\" style=\"background-color:#a8c1a2\">Explora mis cursos<\/a><\/div>\n<\/div>\n","protected":false},"excerpt":{"rendered":"<p>Qui\u00e9n soy, qui\u00e9n fui Siempre he sentido atracci\u00f3n por las preguntas sin respuestas claras, aquellas que nos llevan a mirar m\u00e1s all\u00e1 de lo evidente y explorar la conexi\u00f3n entre lo que somos y lo que podemos ser&#8230; Pero mi camino comenz\u00f3 lejos de all\u00ed, en el mundo de la hoteler\u00eda y el liderazgo ejecutivo, donde aprend\u00ed el arte de conectar con las personas y guiar equipos. La gente es&hellip;<\/p>\n","protected":false},"author":1,"featured_media":0,"parent":0,"menu_order":2,"comment_status":"closed","ping_status":"closed","template":"","meta":{"footnotes":""},"class_list":["post-466","page","type-page","status-publish","hentry"],"blog_post_layout_featured_media_urls":{"thumbnail":"","full":""},"categories_names":null,"comments_number":"0","jetpack_sharing_enabled":true,"_links":{"self":[{"href":"https:\/\/esthercomin.com\/index.php\/wp-json\/wp\/v2\/pages\/466","targetHints":{"allow":["GET"]}}],"collection":[{"href":"https:\/\/esthercomin.com\/index.php\/wp-json\/wp\/v2\/pages"}],"about":[{"href":"https:\/\/esthercomin.com\/index.php\/wp-json\/wp\/v2\/types\/page"}],"author":[{"embeddable":true,"href":"https:\/\/esthercomin.com\/index.php\/wp-json\/wp\/v2\/users\/1"}],"replies":[{"embeddable":true,"href":"https:\/\/esthercomin.com\/index.php\/wp-json\/wp\/v2\/comments?post=466"}],"version-history":[{"count":23,"href":"https:\/\/esthercomin.com\/index.php\/wp-json\/wp\/v2\/pages\/466\/revisions"}],"predecessor-version":[{"id":658,"href":"https:\/\/esthercomin.com\/index.php\/wp-json\/wp\/v2\/pages\/466\/revisions\/658"}],"wp:attachment":[{"href":"https:\/\/esthercomin.com\/index.php\/wp-json\/wp\/v2\/media?parent=466"}],"curies":[{"name":"wp","href":"https:\/\/api.w.org\/{rel}","templated":true}]}}

Sobre mí

<blockquote class="wp-block-quote is-layout-flow wp-block-quote-is-layout-flow">
<blockquote class="wp-block-quote is-layout-flow wp-block-quote-is-layout-flow">
<p class="has-medium-font-size"><em><strong>Las historias son caminos. Algunas te llevan al pasado, otras al futuro, y las mejores te conducen al centro de ti mismo</strong>.</em></p>



<p></p>
</blockquote>
</blockquote>



<p></p>



<hr class="wp-block-separator has-alpha-channel-opacity"/>



<p></p>



<p></p>



<p class="has-text-color has-link-color wp-elements-0a8e0f5bb464aad32446194b7b67528c" style="color:#d4a373;font-size:33px">Quién soy, quién fui</p>



<p style="font-size:13px">Siempre he sentido atracción por las preguntas sin respuestas claras, aquellas que nos llevan a mirar más allá de lo evidente y explorar la conexión entre lo que somos y lo que podemos ser&#8230; Pero mi camino comenzó lejos de allí, en el mundo de la hotelería y el liderazgo ejecutivo, donde aprendí el arte de conectar con las personas y guiar equipos. </p>



<p style="font-size:13px">La gente es fascinante —hasta la que no te cae muy allá— y seguramente tuve bastante suerte, porque a lo largo de varias décadas pude cultivar amistades que son tesoros del corazón. Además, ni sabes cuánto me reí&#8230; Trabajé sin fin, la verdad, creo que es una de las cualidades por las que me conocen: ni me rindo ni me detengo.</p>



<p></p>



<hr class="wp-block-separator has-alpha-channel-opacity"/>


<div class="wp-block-image is-style-rounded">
<figure class="aligncenter size-large is-resized"><img loading="lazy" decoding="async" width="1024" height="457" src="https://esthercomin.com/wp-content/uploads/2023/03/Esther-trio-de-fotos-1024x457.png" alt="" class="wp-image-49" style="width:425px;height:auto" srcset="https://esthercomin.com/wp-content/uploads/2023/03/Esther-trio-de-fotos-1024x457.png 1024w, https://esthercomin.com/wp-content/uploads/2023/03/Esther-trio-de-fotos-600x268.png 600w, https://esthercomin.com/wp-content/uploads/2023/03/Esther-trio-de-fotos-300x134.png 300w, https://esthercomin.com/wp-content/uploads/2023/03/Esther-trio-de-fotos-768x343.png 768w, https://esthercomin.com/wp-content/uploads/2023/03/Esther-trio-de-fotos-850x380.png 850w, https://esthercomin.com/wp-content/uploads/2023/03/Esther-trio-de-fotos-1320x590.png 1320w, https://esthercomin.com/wp-content/uploads/2023/03/Esther-trio-de-fotos.png 1473w" sizes="auto, (max-width: 1024px) 100vw, 1024px" /></figure>
</div>


<div class="wp-block-columns is-layout-flex wp-container-core-columns-is-layout-9d6595d7 wp-block-columns-is-layout-flex">
<div class="wp-block-column is-vertically-aligned-center is-layout-flow wp-block-column-is-layout-flow" style="flex-basis:33.33%"></div>



<div class="wp-block-column is-layout-flow wp-block-column-is-layout-flow" style="flex-basis:66.66%"></div>
</div>



<p></p>



<hr class="wp-block-separator has-alpha-channel-opacity"/>



<p class="has-text-color has-link-color wp-elements-96263e24f2602986a351c04442c534de" style="color:#d4a373;font-size:33px">Pasión por las letras</p>



<p style="font-size:13px">Treinta años siendo hotelera y docente, sí, pero las historias siempre estuvieron ahí, en los márgenes de mi vida, susurrándome, desde que era una enana. A medida que los años pasaban, escribir se convirtió en mi forma de explorar esas preguntas profundas sobre la vida, la espiritualidad y nuestra capacidad de transformación. Porque he visto mucho de eso: personas que cambian, que mutan, que se convierten en versiones de sí mismas que jamás sospecharon conocer. </p>



<p style="font-size:13px">Me dedico a escribir libros porque hay un millón de historias que viven en mi cabeza y necesito desalojarlas para que no me vuelvan loca, pero supongo que también es porque son la palanca que remueve el aire viejo en mis zonas de confort y despiertan mi conciencia. Cada escena, cada capítulo, se reproducen en mi mente con todo detalle. Música, colores, aromas y sensaciones, ¿será por eso que las visualizo en la pantalla? </p>



<p style="font-size:14px"></p>



<p></p>



<div class="wp-block-buttons is-layout-flex wp-block-buttons-is-layout-flex">
<div class="wp-block-button is-style-fill"><a class="wp-block-button__link has-background wp-element-button" href="https://esthercomin.com/index.php/tienda/" style="background-color:#a8c1a2">Conoce mis libros</a></div>
</div>



<hr class="wp-block-separator has-alpha-channel-opacity"/>



<p></p>



<p></p>



<p class="has-text-color has-link-color wp-elements-ef985da359e9f4395151e532fb6f743a" style="color:#d4a373;font-size:33px">Conciencia y espiritualidad</p>



<p style="font-size:13px">Y al fin, de nuevo, las preguntas sin respuesta. Para muchos, será una temeridad que hable de esto abiertamente, no me cabe duda, el pavor que producen estos temas me deja asombrada a diario. Sin embargo, yo soy la que soy. Y, a estas alturas de mi vida, me importa más ser feliz y estar en paz que la fugacidad del éxito o la satisfacción de los demás respecto a lo que hago con mi vida.</p>



<p style="font-size:14px">La curiosidad me llevó a hacer indagaciones. Los resultados de las indagaciones, a estudiar. Los estudios a practicar con entusiasmo y a fluir. Y el fluir sosegado me llevó a querer compartir. </p>



<p style="font-size:14px">Además de mi pasión por la escritura, he obtenido mi maestría en <strong>Reiki</strong> y en otras disciplinas de crecimiento espiritual, como los <strong>Registros Akáshicos</strong>. No es una cuestión de creencias, sino de ser práctico hasta las últimas consecuencias: lo que me ha ayudado a sentir más profundo y a ser más feliz es algo que me encantaría compartir.</p>



<p></p>



<p></p>



<div class="wp-block-buttons is-content-justification-space-between is-layout-flex wp-container-core-buttons-is-layout-3d213aab wp-block-buttons-is-layout-flex">
<div class="wp-block-button is-style-fill"><a class="wp-block-button__link has-background wp-element-button" href="https://esthercomin.com/index.php/cursos-y-talleres/" style="background-color:#a8c1a2">Explora mis cursos</a></div>
</div>

<p>Quién soy, quién fui Siempre he sentido atracción por las preguntas sin respuestas claras, aquellas que nos llevan a mirar más allá de lo evidente y explorar la conexión entre lo que somos y lo que podemos ser&#8230; Pero mi camino comenzó lejos de allí, en el mundo de la hotelería y el liderazgo ejecutivo, donde aprendí el arte de conectar con las personas y guiar equipos. La gente es&hellip;</p>
