{"id":560,"date":"2024-11-25T16:51:01","date_gmt":"2024-11-25T15:51:01","guid":{"rendered":"https:\/\/esthercomin.com\/?page_id=560"},"modified":"2024-11-25T17:50:27","modified_gmt":"2024-11-25T16:50:27","slug":"cursos-y-talleres","status":"publish","type":"page","link":"https:\/\/esthercomin.com\/index.php\/cursos-y-talleres\/","title":{"rendered":"Cursos y talleres"},"content":{"rendered":"\n<p><\/p>\n\n\n\n<hr class=\"wp-block-separator has-alpha-channel-opacity\"\/>\n\n\n\n<p class=\"has-text-color has-link-color wp-elements-fdcc7f9e7890639c33fa5f5fd33447a2\" style=\"color:#d4a373;font-size:33px\">Conecta con tu esencia<\/p>\n\n\n\n<p class=\"has-black-color has-text-color has-link-color wp-elements-05cb07aa1db5f703f92a24f957a0cabd\" style=\"font-size:16px\">Descubre herramientas pr\u00e1cticas para tu crecimiento personal y espiritual. Cada curso est\u00e1 dise\u00f1ado para ayudarte a conectar contigo mismo, encontrar paz interior y desbloquear tu verdadero potencial. Actualmente estamos preparando nuevas experiencias para ti, \u00a1disponibles a partir de enero de 2025!<\/p>\n\n\n\n<hr class=\"wp-block-separator has-alpha-channel-opacity\"\/>\n\n\n\n<p class=\"has-black-color has-text-color has-link-color wp-elements-908f8343d34fb133b40cc25fd801463f\" style=\"font-size:22px\"><em><strong>Curso Reiki Nivel I<\/strong> &#8211; El despertar<\/em><\/p>\n\n\n\n<div class=\"wp-block-media-text is-stacked-on-mobile is-vertically-aligned-center is-image-fill\" style=\"grid-template-columns:16% auto\"><figure class=\"wp-block-media-text__media\" style=\"background-image:url(https:\/\/esthercomin.com\/wp-content\/uploads\/2024\/11\/Miniaturas-Blog-7.png);background-position:50% 50%\"><img loading=\"lazy\" decoding=\"async\" width=\"500\" height=\"500\" src=\"https:\/\/esthercomin.com\/wp-content\/uploads\/2024\/11\/Miniaturas-Blog-7.png\" alt=\"Curso Reiki Usui nivel I\" class=\"wp-image-561 size-full\" srcset=\"https:\/\/esthercomin.com\/wp-content\/uploads\/2024\/11\/Miniaturas-Blog-7.png 500w, https:\/\/esthercomin.com\/wp-content\/uploads\/2024\/11\/Miniaturas-Blog-7-300x300.png 300w, https:\/\/esthercomin.com\/wp-content\/uploads\/2024\/11\/Miniaturas-Blog-7-150x150.png 150w, https:\/\/esthercomin.com\/wp-content\/uploads\/2024\/11\/Miniaturas-Blog-7-100x100.png 100w\" sizes=\"auto, (max-width: 500px) 100vw, 500px\" \/><\/figure><div class=\"wp-block-media-text__content\">\n<p style=\"font-size:22px\">Aprende las bases de Reiki Usui, una t\u00e9cnica de sanaci\u00f3n energ\u00e9tica que te ayudar\u00e1 a equilibrar tu cuerpo, mente y esp\u00edritu.<\/p>\n\n\n\n<ul class=\"wp-block-list\">\n<li>Dise\u00f1ado para principiantes, este curso te guiar\u00e1 en el camino hacia la conexi\u00f3n con tu interior y la la energ\u00eda universal.<\/li>\n\n\n\n<li>No es magia&#8230; es armon\u00eda.<\/li>\n\n\n\n<li><\/li>\n\n\n\n<li><strong>Primeras fechas<\/strong>: enero 2025<\/li>\n<\/ul>\n<\/div><\/div>\n\n\n\n<div class=\"wp-block-buttons is-content-justification-left is-layout-flex wp-container-core-buttons-is-layout-fdcfc74e wp-block-buttons-is-layout-flex\">\n<div class=\"wp-block-button\"><a class=\"wp-block-button__link has-background wp-element-button\" href=\"https:\/\/esthercomin.com\/index.php\/contacto\/\" style=\"background-color:#a8c1a2\">\u00a1Lo quiero!<\/a><\/div>\n<\/div>\n\n\n\n<hr class=\"wp-block-separator has-alpha-channel-opacity\"\/>\n\n\n\n<p class=\"has-black-color has-text-color has-link-color wp-elements-2a5722624bb91f2b1ee2203567328373\" style=\"font-size:22px\"><strong><em>Curso Aprender a meditar<\/em><\/strong><\/p>\n\n\n\n<div class=\"wp-block-media-text is-stacked-on-mobile is-vertically-aligned-center is-image-fill\" style=\"grid-template-columns:16% auto\"><figure class=\"wp-block-media-text__media\" style=\"background-image:url(https:\/\/esthercomin.com\/wp-content\/uploads\/2024\/11\/Miniaturas-Blog-6.png);background-position:50% 50%\"><img loading=\"lazy\" decoding=\"async\" width=\"500\" height=\"500\" src=\"https:\/\/esthercomin.com\/wp-content\/uploads\/2024\/11\/Miniaturas-Blog-6.png\" alt=\"C\u00f3mo aprender a meditar\" class=\"wp-image-562 size-full\" srcset=\"https:\/\/esthercomin.com\/wp-content\/uploads\/2024\/11\/Miniaturas-Blog-6.png 500w, https:\/\/esthercomin.com\/wp-content\/uploads\/2024\/11\/Miniaturas-Blog-6-300x300.png 300w, https:\/\/esthercomin.com\/wp-content\/uploads\/2024\/11\/Miniaturas-Blog-6-150x150.png 150w, https:\/\/esthercomin.com\/wp-content\/uploads\/2024\/11\/Miniaturas-Blog-6-100x100.png 100w\" sizes=\"auto, (max-width: 500px) 100vw, 500px\" \/><\/figure><div class=\"wp-block-media-text__content\">\n<p style=\"font-size:22px\">Descubre el poder transformador de la meditaci\u00f3n. Este curso es perfecto tanto para los que se inician como para aquellos que desean profundizar en su pr\u00e1ctica.<\/p>\n\n\n\n<ul class=\"wp-block-list\">\n<li>A trav\u00e9s de t\u00e9cnicas simples y efectivas, aprender\u00e1s a cultivar la calma mental y el bienestar interior. <\/li>\n\n\n\n<li>Solo&#8230; respira y sintoniza contigo.<\/li>\n\n\n\n<li><\/li>\n\n\n\n<li><strong>Primeras fechas<\/strong>: enero 2025<\/li>\n<\/ul>\n<\/div><\/div>\n\n\n\n<div class=\"wp-block-buttons is-layout-flex wp-block-buttons-is-layout-flex\">\n<div class=\"wp-block-button\"><a class=\"wp-block-button__link has-background wp-element-button\" href=\"https:\/\/esthercomin.com\/index.php\/contacto\/\" style=\"background-color:#a8c1a2\">\u00a1Es para m\u00ed!<\/a><\/div>\n<\/div>\n","protected":false},"excerpt":{"rendered":"<p>Conecta con tu esencia Descubre herramientas pr\u00e1cticas para tu crecimiento personal y espiritual. Cada curso est\u00e1 dise\u00f1ado para ayudarte a conectar contigo mismo, encontrar paz interior y desbloquear tu verdadero potencial. Actualmente estamos preparando nuevas experiencias para ti, \u00a1disponibles a partir de enero de 2025! Curso Reiki Nivel I &#8211; El despertar Curso Aprender a meditar<\/p>\n","protected":false},"author":1,"featured_media":0,"parent":0,"menu_order":0,"comment_status":"closed","ping_status":"closed","template":"","meta":{"footnotes":""},"class_list":["post-560","page","type-page","status-publish","hentry"],"blog_post_layout_featured_media_urls":{"thumbnail":"","full":""},"categories_names":null,"comments_number":"0","jetpack_sharing_enabled":true,"_links":{"self":[{"href":"https:\/\/esthercomin.com\/index.php\/wp-json\/wp\/v2\/pages\/560","targetHints":{"allow":["GET"]}}],"collection":[{"href":"https:\/\/esthercomin.com\/index.php\/wp-json\/wp\/v2\/pages"}],"about":[{"href":"https:\/\/esthercomin.com\/index.php\/wp-json\/wp\/v2\/types\/page"}],"author":[{"embeddable":true,"href":"https:\/\/esthercomin.com\/index.php\/wp-json\/wp\/v2\/users\/1"}],"replies":[{"embeddable":true,"href":"https:\/\/esthercomin.com\/index.php\/wp-json\/wp\/v2\/comments?post=560"}],"version-history":[{"count":16,"href":"https:\/\/esthercomin.com\/index.php\/wp-json\/wp\/v2\/pages\/560\/revisions"}],"predecessor-version":[{"id":598,"href":"https:\/\/esthercomin.com\/index.php\/wp-json\/wp\/v2\/pages\/560\/revisions\/598"}],"wp:attachment":[{"href":"https:\/\/esthercomin.com\/index.php\/wp-json\/wp\/v2\/media?parent=560"}],"curies":[{"name":"wp","href":"https:\/\/api.w.org\/{rel}","templated":true}]}}