{"id":380,"date":"2024-05-07T19:13:29","date_gmt":"2024-05-07T18:13:29","guid":{"rendered":"https:\/\/esthercomin.com\/?post_type=product&#038;p=380"},"modified":"2025-08-26T18:47:10","modified_gmt":"2025-08-26T17:47:10","slug":"la-tribu-novela-juvenil-young-adult","status":"publish","type":"product","link":"https:\/\/esthercomin.com\/index.php\/producto\/la-tribu-novela-juvenil-young-adult\/","title":{"rendered":"La Tribu"},"content":{"rendered":"<h2>Sinopsis de La Tribu<\/h2>\n<p>Una historia de superaci\u00f3n personal mientras averiguas qui\u00e9n eres.<br \/>\nA punto de iniciar su carrera en un hotel de lujo, la vida de Lily deber\u00eda ser perfecta&#8230; pero todo es un caos. Secretos familiares, nuevas amistades, aciertos y errores se entrelazan para explorar temas importantes como la salud mental, las dificultades de convertirse en adulto y la familia.<br \/>\nUna novela cuyo mensaje resonar\u00e1 en tu coraz\u00f3n mucho despu\u00e9s de haber cerrado el libro.<\/p>\n<h2>Novela juvenil young adult<\/h2>\n<p>Esta es, principalmente, una historia de amistad y de amor, porque estas son las cosas importantes de la vida: las que te tocan el coraz\u00f3n. Y est\u00e1 dedicada a mis alumnos, de los que me siento tan orgullosa y que fueron, al fin y al cabo, mi inspiraci\u00f3n. \u00bfLo que m\u00e1s ilusi\u00f3n me har\u00eda? Que nuestra protagonista, Lily, les cayera bien.<\/p>\n","protected":false},"excerpt":{"rendered":"<p>Novela juvenil young adult, 306 p\u00e1ginas en espa\u00f1ol.<\/p>\n<p>Disponible en Amazon, en versi\u00f3n tapa blanda, tapa dura y eBook.<\/p>\n<p>&nbsp;<\/p>\n","protected":false},"featured_media":470,"comment_status":"open","ping_status":"closed","template":"","meta":[],"product_brand":[],"product_cat":[27,49],"product_tag":[53,54,55,50,51,52],"class_list":{"0":"post-380","1":"product","2":"type-product","3":"status-publish","4":"has-post-thumbnail","6":"product_cat-libros","7":"product_cat-novela","8":"product_tag-estudiantes-universitarios","9":"product_tag-hoteles","10":"product_tag-libros-para-jovenes","11":"product_tag-literatura-juvenil","12":"product_tag-novela-para-adolescentes","13":"product_tag-novela-urbana","15":"first","16":"instock","17":"featured","18":"taxable","19":"shipping-taxable","20":"product-type-external"},"blog_post_layout_featured_media_urls":{"thumbnail":["https:\/\/esthercomin.com\/wp-content\/uploads\/2024\/05\/Catalogo-libros_tribu-150x150.png",150,150,true],"full":["https:\/\/esthercomin.com\/wp-content\/uploads\/2024\/05\/Catalogo-libros_tribu.png",1080,1080,false]},"categories":null,"categories_names":null,"comments_number":"1","jetpack_sharing_enabled":true,"_links":{"self":[{"href":"https:\/\/esthercomin.com\/index.php\/wp-json\/wp\/v2\/product\/380","targetHints":{"allow":["GET"]}}],"collection":[{"href":"https:\/\/esthercomin.com\/index.php\/wp-json\/wp\/v2\/product"}],"about":[{"href":"https:\/\/esthercomin.com\/index.php\/wp-json\/wp\/v2\/types\/product"}],"replies":[{"embeddable":true,"href":"https:\/\/esthercomin.com\/index.php\/wp-json\/wp\/v2\/comments?post=380"}],"wp:featuredmedia":[{"embeddable":true,"href":"https:\/\/esthercomin.com\/index.php\/wp-json\/wp\/v2\/media\/470"}],"wp:attachment":[{"href":"https:\/\/esthercomin.com\/index.php\/wp-json\/wp\/v2\/media?parent=380"}],"wp:term":[{"taxonomy":"product_brand","embeddable":true,"href":"https:\/\/esthercomin.com\/index.php\/wp-json\/wp\/v2\/product_brand?post=380"},{"taxonomy":"product_cat","embeddable":true,"href":"https:\/\/esthercomin.com\/index.php\/wp-json\/wp\/v2\/product_cat?post=380"},{"taxonomy":"product_tag","embeddable":true,"href":"https:\/\/esthercomin.com\/index.php\/wp-json\/wp\/v2\/product_tag?post=380"}],"curies":[{"name":"wp","href":"https:\/\/api.w.org\/{rel}","templated":true}]}}